b77 (base 15) in base 7?
-23245
117 (base 12) to base 7
322
34154 (base 7) to base 6
104035
Convert 3aa (base 12) to base 3.
202211
Convert -1000110000001 (base 2) to base 10.
-4481
What is -65037 (base 8) in base 2?
-110101000011111
What is -1224230 (base 5) in base 6?
-301402
-1ab (base 12) to base 14
-159
11f9 (base 16) to base 15
156b
Convert 2910 (base 16) to base 5.
314022
What is -300002 (base 4) in base 9?
-4185
8a7 (base 11) to base 4
100331
56 (base 9) to base 15
36
Convert 2231 (base 4) to base 2.
10101101
Convert 1c96 (base 13) to base 15.
144d
Convert -1080 (base 9) to base 16.
-321
-1012 (base 8) to base 6
-2230
1ed (base 15) to base 8
700
What is -a48c (base 14) in base 16?
-6ebc
What is -265 (base 16) in base 6?
-2501
What is -336 (base 12) in base 10?
-474
Convert 31312 (base 6) to base 5.
113340
What is -424a (base 11) in base 12?
-3304
Convert d13 (base 16) to base 7.
12521
Convert -210 (base 10) to base 16.
-d2
-2aa (base 15) to base 2
-1001100010
What is 5949 (base 10) in base 6?
43313
What is 20022110 (base 3) in base 14?
196a
What is -77ed (base 16) in base 15?
-916b
What is -331 (base 15) in base 5?
-10341
1eb7 (base 16) to base 6
100223
What is 864 (base 9) in base 3?
222011
-2252 (base 7) to base 14
-429
Convert 574 (base 9) to base 13.
2a4
-22 (base 11) to base 9
-26
What is 7fa (base 16) in base 12?
1222
Convert 1b89 (base 14) to base 15.
174b
What is 1400 (base 6) in base 10?
360
23013322 (base 4) to base 9
68444
Convert 173a (base 16) to base 4.
1130322
What is 2210 (base 7) in base 11?
65a
What is -2343 (base 5) in base 16?
-15c
Convert -4 (base 10) to base 14.
-4
-27 (base 16) to base 2
-100111
What is -13522 (base 6) in base 9?
-2835
Convert -3975 (base 10) to base 15.
-12a0
Convert 87 (base 13) to base 14.
7d
What is -12250 (base 10) in base 7?
-50500
Convert -231403 (base 5) to base 11.
-6304
Convert -10775 (base 8) to base 13.
-2133
-402 (base 15) to base 12
-632
2559 (base 16) to base 3
111010010
-1038 (base 11) to base 7
-4000
Convert 22401 (base 5) to base 16.
641
What is 83b (base 16) in base 3?
2220001
-68f (base 16) to base 13
-9c2
What is -7036 (base 12) in base 11?
-9135
-21274 (base 8) to base 15
-297c
Convert -2552 (base 10) to base 6.
-15452
Convert -2100 (base 3) to base 2.
-111111
-261 (base 9) to base 2
-11011001
Convert 1018 (base 12) to base 15.
7b8
Convert -2c5 (base 15) to base 5.
-10020
12201 (base 4) to base 12
2a9
-1a5 (base 13) to base 15
-154
2187 (base 14) to base 11
43a6
Convert 379 (base 11) to base 8.
701
Convert -13903 (base 10) to base 4.
-3121033
Convert 656 (base 14) to base 12.
884
-510 (base 11) to base 13
-385
-3607 (base 14) to base 3
-110220201
What is 1941 (base 11) in base 13?
1178
31454 (base 10) to base 14
b66a
1011 (base 3) to base 15
21
-210122202 (base 3) to base 2
-11110110101100
1899 (base 15) to base 13
2562
434 (base 8) to base 5
2114
Convert -2872 (base 10) to base 11.
-2181
What is 322 (base 14) in base 4?
21222
What is 3ed (base 15) in base 8?
1602
Convert 100000110 (base 2) to base 15.
127
35432 (base 9) to base 15
703b
What is -100431 (base 5) in base 3?
-11110001
14477 (base 8) to base 14
24d9
-1021022 (base 3) to base 16
-39e
384 (base 13) to base 15
2b0
What is -110101110 (base 2) in base 14?
-22a
Convert -11545 (base 7) to base 11.
-22a8
What is -1156 (base 9) in base 3?
-1011220
What is 101004 (base 5) in base 9?
4415
Convert 10000 (base 5) to base 12.
441
Convert -191ba (base 13) to base 12.
-241a8
What is -1100243 (base 5) in base 9?
-27734
225 (base 16) to base 2
1000100101
-8b (base 13) to base 4
-1303
-8b66 (base 14) to base 6
-304010
What is 30b (base 14) in base 10?
599
-412330 (base 5) to base 4
-3102121
221202 (base 3) to base 7
2012
Convert -4635 (base 14) to base 2.
-10111110100111
Convert -2262 (base 14) to base 10.
-5966
-60 (base 11) to base 14
-4a
What is 13645 (base 7) in base 4?
322231
-62788 (base 9) to base 16
-a1ff
What is -3561 (base 11) in base 10?
-4665
-2538 (base 12) to base 8
-10174
What is 1204 (base 6) in base 7?
565
What is -3218 (base 10) in base 13?
-1607
What is 4532 (base 8) in base 7?
6660
What is 2ba7 (base 13) in base 12?
3846
What is -20303 (base 5) in base 15?
-5d8
What is -4324 (base 6) in base 11?
-819
Convert 22033 (base 4) to base 11.
546
100010010101011 (base 2) to base 9
26102
What is 18103 (base 9) in base 15?
3a6c
Convert -70cc (base 14) to base 2.
-100101110111100
Convert 1036 (base 7) to base 13.
226
Convert -351a (base 13) to base 7.
-30514
What is 2365 (base 14) in base 11?
46a5
What is a97c (base 13) in base 16?
5c2a
449 (base 10) to base 4
13001
Convert -9468 (base 11) to base 15.
-3aac
Convert 14659 (base 11) to base 14.
77c7
What is 11103103 (base 4) in base 10?
21715
111011100111 (base 2) to base 14
1567
What is -174 (base 15) in base 12?
-23a
What is 1a75 (base 15) in base 14?
2139
Convert 1002221012 (base 3) to base 12.
10765
What is -127b (base 14) in base 6?
-23005
bb8 (base 13) to base 4
133122
Convert -1003 (base 5) to base 3.
-11202
19515 (base 12) to base 9
55708
Convert 1996 (base 10) to base 4.
133030
Convert -a89 (base 11) to base 5.
-20212
What is 3063 (base 8) in base 5?
22322
1002011120 (base 3) to base 7
115665
Convert -21e7 (base 16) to base 13.
-3c48
Convert 746 (base 12) to base 7.
3045
Convert 89 (base 15) to base 8.
201
Convert -100022 (base 3) to base 16.
-fb
Convert 4352 (base 7) to base 8.
3024
ac (base 15) to base 9
200
-b570 (base 12) to base 14
-7312
What is 203210 (base 6) in base 12?
9506
-755 (base 11) to base 12
-637
Convert -f42 (base 16) to base 5.
-111111
Convert 960 (base 13) to base 11.
1224
Convert -119 (base 13) to base 11.
-164
What is 110111010000101 (base 2) in base 11?
1a291
Convert 1034 (base 11) to base 10.
1368
Convert 3b1 (base 12) to base 14.
2c5
-22011120 (base 3) to base 16
-1743
Convert -608 (base 15) to base 8.
-2516
43840 (base 10) to base 15
ceca
14638 (base 9) to base 13
4721
What is 207 (base 16) in base 10?
519
-11412 (base 7) to base 13
-145b
-136531 (base 7) to base 3
-1100010101
What is -101 (base 8) in base 11?
-5a
71b6 (base 12) to base 2
11000001011010
Convert -155065 (base 8) to base 2.
-1101101000110101
Convert 23643 (base 7) to base 6.
44300
Convert 1030b (base 13) to base 4.
13012113
Convert -30204 (base 7) to base 4.
-1302021
What is 260 (base 14) in base 2?
111011100
-252011 (base 6) to base 4
-11133013
What is -58113 (base 9) in base 14?
-10186
Convert 202204 (base 5) to base 6.
50202
Convert 44311 (base 6) to base 8.
14023
Convert 7328 (base 11) to base 13.
455c
224021 (base 5) to base 11
6023
21110 (base 3) to base 2
11001001
136 (base 11) to base 15
aa
What is dd (base 16) in base 4?
3131
Convert -485 (base 14) to base 12.
-631
What is 1b7bd (base 14) in base 5?
4221024
What is -660 (base 7) in base 14?
-1a0
What is -15980 (base 11) in base 9?
-33740
12612 (base 13) to base 3
1201121200
-16b3 (base 13) to base 10
-3357
What is 78 (base 13) in base 8?
143
Convert -1b7d (base 16) to base 5.
-211122
Convert 353 (base 8) to base 4.
3223
What is -220 (base 11) in base 16?
-108
What is -424 (base 6) in base 14?
-b6
What is -387 (base 12) in base 2?
-1000010111
1be (base 16) to base 14
23c
What is -80e (base 16) in base 14?
-a74
Convert -42193 (base 10) to base 9.
-63781
What is -44321 (base 5) in base 13?
-1535
What is -100101000110 (base 2) in base 6?
-14554
6678 (base 12) to base 8
26074
1589 (base 14) to base 9
5242
What is -11001110000 (base 2) in base 8?
-3160
-753 (base 9) to base 6
-2503
Convert 171 (base 11) to base 8.
307
572 (base 11) to base 4
22230
What is 227c (base 14) in base 5?
142430
What is -24403 (base 5) in base 2?
-11100111101
What is 5498 (base 16) in base 13?
9b1b
Convert -110101101 (base 2) to base 4.
-12231
Convert 78 (base 9) to base 5.
241
Convert -664 (base 9) to base 5.
-4134
Convert -12586 (base 11) to base 3.
-220200202
Convert -100011010110100 (base 2) to base 3.
-220211101
a69 (base 12) to base 16
5f1
What is -340 (base 14) in base 9?
-785
Convert c552 (base 13) to base 11.
19547
-43315 (base 7) to base 15
-32e7
-1f6b (base 16) to base 10
-8043
What is -702 (base 9) in base 3?
-210002
59b8 (base 16) to base 11
16290
Convert a50 (base 14) to base 9.
2705
-b68 (base 13) to base 2
-11110011001
What i